{"id":8959,"date":"2023-10-11T17:11:48","date_gmt":"2023-10-11T17:11:48","guid":{"rendered":"https:\/\/www.perron-rigot.org\/non%20class\u00e9\/serum-minimisant-les-cheveux\/"},"modified":"2024-10-03T10:22:10","modified_gmt":"2024-10-03T10:22:10","slug":"serum-ralentisseur-de-repousse","status":"publish","type":"product","link":"https:\/\/www.perron-rigot.org\/fr\/cirepil-fr\/serum-ralentisseur-de-repousse\/","title":{"rendered":"S\u00c9RUM RALENTISSEUR DE REPOUSSE"},"content":{"rendered":"","protected":false},"excerpt":{"rendered":"<h3>PR\u00c9 ET POST \u00c9PILATION<\/h3>\n<div>Pour des poils plus fins, moins denses et moins visibles entre 2 s\u00e9ances d&#8217;\u00e9pilation<\/div>\n\t<div id=\"gap-386986387\" class=\"gap-element clearfix\" style=\"display:block; height:auto;\">\n\t\t\n<style>\n#gap-386986387 {\n  padding-top: 30px;\n}\n<\/style>\n\t<\/div>\n\t\n<h4><strong>Caract\u00e9ristiques et avantages<\/strong><\/h4>\n<ul>\n<li>Principes actifs : complexe de cinq huiles essentielles (citron, lavande, camomille, verveine et coriandre).<\/li>\n<li>Formule Vegan<\/li>\n<li>La zone trait\u00e9e est totalement apais\u00e9e*, la peau est visiblement plus douce et plus lisse.<\/li>\n<li>Moins de repousse apr\u00e8s plusieurs semaines d&#8217;utilisation<\/li>\n<li>Fabriqu\u00e9 en France<\/li>\n<\/ul>\n<p><em>*Auto-\u00e9valuation par 31 femmes (15 qui se rasent, 16 qui utilisent la cire) &#8211; Test r\u00e9alis\u00e9 par un laboratoire ind\u00e9pendant.<\/em><\/p>\n<h4><strong>Zones<\/strong><\/h4>\n<div>Visage et corps, Convient aux peaux sensibles<\/div>\n<p>&nbsp;<\/p>\n<h4><strong>Texture, couleur, parfum<\/strong><\/h4>\n<ul>\n<li>Texture gel l\u00e9g\u00e8re<\/li>\n<\/ul>\n\t<div id=\"gap-1092012038\" class=\"gap-element clearfix\" style=\"display:block; height:auto;\">\n\t\t\n<style>\n#gap-1092012038 {\n  padding-top: 30px;\n}\n<\/style>\n\t<\/div>","protected":false},"featured_media":8515,"template":"","meta":[],"product_cat":[102,110,116],"product_tag":[],"class_list":{"0":"post-8959","1":"product","2":"type-product","3":"status-publish","4":"has-post-thumbnail","6":"product_cat-cirepil-fr","7":"product_cat-avant-et-apres-lepilation-a-la-cire","8":"product_cat-cire-vegan","10":"first","11":"instock","12":"shipping-taxable","13":"product-type-variable","14":"has-default-attributes"},"jetpack_sharing_enabled":true,"_links":{"self":[{"href":"https:\/\/www.perron-rigot.org\/fr\/wp-json\/wp\/v2\/product\/8959"}],"collection":[{"href":"https:\/\/www.perron-rigot.org\/fr\/wp-json\/wp\/v2\/product"}],"about":[{"href":"https:\/\/www.perron-rigot.org\/fr\/wp-json\/wp\/v2\/types\/product"}],"wp:featuredmedia":[{"embeddable":true,"href":"https:\/\/www.perron-rigot.org\/fr\/wp-json\/wp\/v2\/media\/8515"}],"wp:attachment":[{"href":"https:\/\/www.perron-rigot.org\/fr\/wp-json\/wp\/v2\/media?parent=8959"}],"wp:term":[{"taxonomy":"product_cat","embeddable":true,"href":"https:\/\/www.perron-rigot.org\/fr\/wp-json\/wp\/v2\/product_cat?post=8959"},{"taxonomy":"product_tag","embeddable":true,"href":"https:\/\/www.perron-rigot.org\/fr\/wp-json\/wp\/v2\/product_tag?post=8959"}],"curies":[{"name":"wp","href":"https:\/\/api.w.org\/{rel}","templated":true}]}}

https://www.perron-rigot.org/non%20classé/serum-minimisant-les-cheveux/

SÉRUM RALENTISSEUR DE REPOUSSE

<h3>PRÉ ET POST ÉPILATION</h3>
<div>Pour des poils plus fins, moins denses et moins visibles entre 2 séances d&#8217;épilation</div>
	<div id="gap-386986387" class="gap-element clearfix" style="display:block; height:auto;">
		
<style>
#gap-386986387 {
  padding-top: 30px;
}
</style>
	</div>
	
<h4><strong>Caractéristiques et avantages</strong></h4>
<ul>
<li>Principes actifs : complexe de cinq huiles essentielles (citron, lavande, camomille, verveine et coriandre).</li>
<li>Formule Vegan</li>
<li>La zone traitée est totalement apaisée*, la peau est visiblement plus douce et plus lisse.</li>
<li>Moins de repousse après plusieurs semaines d&#8217;utilisation</li>
<li>Fabriqué en France</li>
</ul>
<p><em>*Auto-évaluation par 31 femmes (15 qui se rasent, 16 qui utilisent la cire) &#8211; Test réalisé par un laboratoire indépendant.</em></p>
<h4><strong>Zones</strong></h4>
<div>Visage et corps, Convient aux peaux sensibles</div>
<p>&nbsp;</p>
<h4><strong>Texture, couleur, parfum</strong></h4>
<ul>
<li>Texture gel légère</li>
</ul>
	<div id="gap-1092012038" class="gap-element clearfix" style="display:block; height:auto;">
		
<style>
#gap-1092012038 {
  padding-top: 30px;
}
</style>
	</div>
