{"id":8947,"date":"2023-10-12T14:33:53","date_gmt":"2023-10-12T14:33:53","guid":{"rendered":"https:\/\/www.perron-rigot.org\/non%20class\u00e9\/mousse-intime-de-micro-peeling\/"},"modified":"2024-10-03T10:22:09","modified_gmt":"2024-10-03T10:22:09","slug":"mousse-intime-micro-peeling","status":"publish","type":"product","link":"https:\/\/www.perron-rigot.org\/fr\/produits-intimes-vajacial\/mousse-intime-micro-peeling\/","title":{"rendered":"MOUSSE INTIME MICRO-PEELING"},"content":{"rendered":"","protected":false},"excerpt":{"rendered":"<h3>TRAITEMENT DE LA ZONE INTIME<\/h3>\n<div>Mousse exfoliante pour la zone intime lisse, douce et confortable<\/div>\n\t<div id=\"gap-1448872148\" class=\"gap-element clearfix\" style=\"display:block; height:auto;\">\n\t\t\n<style>\n#gap-1448872148 {\n  padding-top: 30px;\n}\n<\/style>\n\t<\/div>\n\t\n<h4><strong>Caract\u00e9ristiques et avantages<\/strong><\/h4>\n<ul>\n<li>Mousse exfoliante pour une zone intime lisse, douce et confortable<\/li>\n<li>97,5% d&#8217;ingr\u00e9dients d&#8217;origine naturelle<\/li>\n<li>Formule Vegan<\/li>\n<li>Respectueux de la zone intime et test\u00e9 gyn\u00e9cologiquement<\/li>\n<li>90% des volontaires ont constat\u00e9 que leur peau \u00e9tait visiblement apais\u00e9e, plus uniforme, plus confortable et pr\u00e9sentait moins d&#8217;imperfections*.<\/li>\n<li>Score de Yuka 100\/100<\/li>\n<li>Fabriqu\u00e9 en France<\/li>\n<\/ul>\n<p><em>*Test d&#8217;usage sur 20 volontaires pendant 28 jours, en appliquant trois fois par semaine Usage externe uniquement<\/em><\/p>\n<h4><strong>Zones<\/strong><\/h4>\n<ul>\n<li>Zone intime<\/li>\n<\/ul>\n<p>&nbsp;<\/p>\n<h4><strong>Texture, couleur, parfum<\/strong><\/h4>\n<ul>\n<li>Senteur Lys Blanc et Fleur d&#8217;Oranger<\/li>\n<\/ul>\n\t<div id=\"gap-980157730\" class=\"gap-element clearfix\" style=\"display:block; height:auto;\">\n\t\t\n<style>\n#gap-980157730 {\n  padding-top: 30px;\n}\n<\/style>\n\t<\/div>","protected":false},"featured_media":8527,"template":"","meta":[],"product_cat":[101,110,116,118],"product_tag":[],"class_list":{"0":"post-8947","1":"product","2":"type-product","3":"status-publish","4":"has-post-thumbnail","6":"product_cat-produits-intimes-vajacial","7":"product_cat-avant-et-apres-lepilation-a-la-cire","8":"product_cat-cire-vegan","9":"product_cat-yona-fr","11":"first","12":"instock","13":"shipping-taxable","14":"product-type-variable","15":"has-default-attributes"},"jetpack_sharing_enabled":true,"_links":{"self":[{"href":"https:\/\/www.perron-rigot.org\/fr\/wp-json\/wp\/v2\/product\/8947"}],"collection":[{"href":"https:\/\/www.perron-rigot.org\/fr\/wp-json\/wp\/v2\/product"}],"about":[{"href":"https:\/\/www.perron-rigot.org\/fr\/wp-json\/wp\/v2\/types\/product"}],"wp:featuredmedia":[{"embeddable":true,"href":"https:\/\/www.perron-rigot.org\/fr\/wp-json\/wp\/v2\/media\/8527"}],"wp:attachment":[{"href":"https:\/\/www.perron-rigot.org\/fr\/wp-json\/wp\/v2\/media?parent=8947"}],"wp:term":[{"taxonomy":"product_cat","embeddable":true,"href":"https:\/\/www.perron-rigot.org\/fr\/wp-json\/wp\/v2\/product_cat?post=8947"},{"taxonomy":"product_tag","embeddable":true,"href":"https:\/\/www.perron-rigot.org\/fr\/wp-json\/wp\/v2\/product_tag?post=8947"}],"curies":[{"name":"wp","href":"https:\/\/api.w.org\/{rel}","templated":true}]}}

https://www.perron-rigot.org/non%20classé/mousse-intime-de-micro-peeling/

<h3>TRAITEMENT DE LA ZONE INTIME</h3>
<div>Mousse exfoliante pour la zone intime lisse, douce et confortable</div>
	<div id="gap-1448872148" class="gap-element clearfix" style="display:block; height:auto;">
		
<style>
#gap-1448872148 {
  padding-top: 30px;
}
</style>
	</div>
	
<h4><strong>Caractéristiques et avantages</strong></h4>
<ul>
<li>Mousse exfoliante pour une zone intime lisse, douce et confortable</li>
<li>97,5% d&#8217;ingrédients d&#8217;origine naturelle</li>
<li>Formule Vegan</li>
<li>Respectueux de la zone intime et testé gynécologiquement</li>
<li>90% des volontaires ont constaté que leur peau était visiblement apaisée, plus uniforme, plus confortable et présentait moins d&#8217;imperfections*.</li>
<li>Score de Yuka 100/100</li>
<li>Fabriqué en France</li>
</ul>
<p><em>*Test d&#8217;usage sur 20 volontaires pendant 28 jours, en appliquant trois fois par semaine Usage externe uniquement</em></p>
<h4><strong>Zones</strong></h4>
<ul>
<li>Zone intime</li>
</ul>
<p>&nbsp;</p>
<h4><strong>Texture, couleur, parfum</strong></h4>
<ul>
<li>Senteur Lys Blanc et Fleur d&#8217;Oranger</li>
</ul>
	<div id="gap-980157730" class="gap-element clearfix" style="display:block; height:auto;">
		
<style>
#gap-980157730 {
  padding-top: 30px;
}
</style>
	</div>
