{"id":8944,"date":"2023-10-12T15:42:41","date_gmt":"2023-10-12T15:42:41","guid":{"rendered":"https:\/\/www.perron-rigot.org\/non%20class\u00e9\/masque-intime-a-la-gelee-apaisante\/"},"modified":"2024-10-03T10:22:09","modified_gmt":"2024-10-03T10:22:09","slug":"masque-jelly-apaisante","status":"publish","type":"product","link":"https:\/\/www.perron-rigot.org\/fr\/produits-intimes-vajacial\/masque-jelly-apaisante\/","title":{"rendered":"MASQUE JELLY APAISANTE"},"content":{"rendered":"","protected":false},"excerpt":{"rendered":"<h3>TRAITEMENT DE LA ZONE INTIME<\/h3>\n<div>Masque cabine expert pour la zone intime<\/div>\n\t<div id=\"gap-868922951\" class=\"gap-element clearfix\" style=\"display:block; height:auto;\">\n\t\t\n<style>\n#gap-868922951 {\n  padding-top: 30px;\n}\n<\/style>\n\t<\/div>\n\t\n<h4><strong>Caract\u00e9ristiques et avantages<\/strong><\/h4>\n<ul>\n<li>Masque intime en gel\u00e9e pour hydrater et apaiser les rougeurs et les tiraillements<\/li>\n<li>99,3% d&#8217;ingr\u00e9dients d&#8217;origine naturelle<\/li>\n<li>Principes actifs : Camomille, bleuet, calendula<\/li>\n<li>Formule Vegan<\/li>\n<li>Respectueux de la zone intime et test\u00e9 gyn\u00e9cologiquement<\/li>\n<li>91% des volontaires ont constat\u00e9 que leur peau est apais\u00e9e, plus confortable, plus lisse, plus douce et moins irrit\u00e9e. Les d\u00e9mangeaisons sont \u00e9galement r\u00e9duites*<\/li>\n<li>Score de Yuka 100\/100<\/li>\n<li>Fabriqu\u00e9 en France<\/li>\n<\/ul>\n<p><em> *Test d&#8217;utilisation en application unique sur 23 volontaires.<\/em><\/p>\n<h4><strong>Zones<\/strong><\/h4>\n<ul>\n<li>Zone intime<\/li>\n<li>Id\u00e9al pour les peaux sensibles fragilis\u00e9es par l&#8217;\u00e9pilation, le rasage et le frottement des v\u00eatements.<\/li>\n<\/ul>\n<p>&nbsp;<\/p>\n<h4><strong>Texture, couleur, parfum<\/strong><\/h4>\n<ul>\n<li>Texture de la gel\u00e9e<\/li>\n<li>Senteur Florale<\/li>\n<\/ul>\n\t<div id=\"gap-67873506\" class=\"gap-element clearfix\" style=\"display:block; height:auto;\">\n\t\t\n<style>\n#gap-67873506 {\n  padding-top: 30px;\n}\n<\/style>\n\t<\/div>","protected":false},"featured_media":8526,"template":"","meta":[],"product_cat":[101,110,116,118],"product_tag":[],"class_list":{"0":"post-8944","1":"product","2":"type-product","3":"status-publish","4":"has-post-thumbnail","6":"product_cat-produits-intimes-vajacial","7":"product_cat-avant-et-apres-lepilation-a-la-cire","8":"product_cat-cire-vegan","9":"product_cat-yona-fr","11":"first","12":"instock","13":"shipping-taxable","14":"product-type-variable","15":"has-default-attributes"},"jetpack_sharing_enabled":true,"_links":{"self":[{"href":"https:\/\/www.perron-rigot.org\/fr\/wp-json\/wp\/v2\/product\/8944"}],"collection":[{"href":"https:\/\/www.perron-rigot.org\/fr\/wp-json\/wp\/v2\/product"}],"about":[{"href":"https:\/\/www.perron-rigot.org\/fr\/wp-json\/wp\/v2\/types\/product"}],"wp:featuredmedia":[{"embeddable":true,"href":"https:\/\/www.perron-rigot.org\/fr\/wp-json\/wp\/v2\/media\/8526"}],"wp:attachment":[{"href":"https:\/\/www.perron-rigot.org\/fr\/wp-json\/wp\/v2\/media?parent=8944"}],"wp:term":[{"taxonomy":"product_cat","embeddable":true,"href":"https:\/\/www.perron-rigot.org\/fr\/wp-json\/wp\/v2\/product_cat?post=8944"},{"taxonomy":"product_tag","embeddable":true,"href":"https:\/\/www.perron-rigot.org\/fr\/wp-json\/wp\/v2\/product_tag?post=8944"}],"curies":[{"name":"wp","href":"https:\/\/api.w.org\/{rel}","templated":true}]}}

https://www.perron-rigot.org/non%20classé/masque-intime-a-la-gelee-apaisante/

<h3>TRAITEMENT DE LA ZONE INTIME</h3>
<div>Masque cabine expert pour la zone intime</div>
	<div id="gap-868922951" class="gap-element clearfix" style="display:block; height:auto;">
		
<style>
#gap-868922951 {
  padding-top: 30px;
}
</style>
	</div>
	
<h4><strong>Caractéristiques et avantages</strong></h4>
<ul>
<li>Masque intime en gelée pour hydrater et apaiser les rougeurs et les tiraillements</li>
<li>99,3% d&#8217;ingrédients d&#8217;origine naturelle</li>
<li>Principes actifs : Camomille, bleuet, calendula</li>
<li>Formule Vegan</li>
<li>Respectueux de la zone intime et testé gynécologiquement</li>
<li>91% des volontaires ont constaté que leur peau est apaisée, plus confortable, plus lisse, plus douce et moins irritée. Les démangeaisons sont également réduites*</li>
<li>Score de Yuka 100/100</li>
<li>Fabriqué en France</li>
</ul>
<p><em> *Test d&#8217;utilisation en application unique sur 23 volontaires.</em></p>
<h4><strong>Zones</strong></h4>
<ul>
<li>Zone intime</li>
<li>Idéal pour les peaux sensibles fragilisées par l&#8217;épilation, le rasage et le frottement des vêtements.</li>
</ul>
<p>&nbsp;</p>
<h4><strong>Texture, couleur, parfum</strong></h4>
<ul>
<li>Texture de la gelée</li>
<li>Senteur Florale</li>
</ul>
	<div id="gap-67873506" class="gap-element clearfix" style="display:block; height:auto;">
		
<style>
#gap-67873506 {
  padding-top: 30px;
}
</style>
	</div>
