{"id":8936,"date":"2023-10-14T15:56:40","date_gmt":"2023-10-14T15:56:40","guid":{"rendered":"https:\/\/www.perron-rigot.org\/non%20class\u00e9\/masque-bikini-perfecteur\/"},"modified":"2024-10-03T10:22:08","modified_gmt":"2024-10-03T10:22:08","slug":"masque-bikini-perfecteur","status":"publish","type":"product","link":"https:\/\/www.perron-rigot.org\/fr\/produits-intimes-vajacial\/masque-bikini-perfecteur\/","title":{"rendered":"MASQUE BIKINI PERFECTEUR"},"content":{"rendered":"","protected":false},"excerpt":{"rendered":"<h3>TRAITEMENT DE LA ZONE INTIME<\/h3>\n<div>Masque intime seconde peau, pour une zone intime hydrat\u00e9e et impeccable<\/div>\n\t<div id=\"gap-952433185\" class=\"gap-element clearfix\" style=\"display:block; height:auto;\">\n\t\t\n<style>\n#gap-952433185 {\n  padding-top: 30px;\n}\n<\/style>\n\t<\/div>\n\t\n<h4><strong>Caract\u00e9ristiques et avantages<\/strong><\/h4>\n<ul>\n<li>Masque en coton pour une zone intime hydrat\u00e9e et confortable<\/li>\n<li>Exfolie la peau et apaise les peaux irrit\u00e9es par l&#8217;\u00e9pilation, le rasage ou le frottement des v\u00eatements.<\/li>\n<li>99,3% d&#8217;ingr\u00e9dients d&#8217;origine naturelle<\/li>\n<li>Ingr\u00e9dient actif : nouvelle g\u00e9n\u00e9ration d&#8217;AHA, extraits de Citron Caviar, d&#8217;extraits de plantes et d&#8217;eau Florale de Calendula.<\/li>\n<li>Formule Vegan<\/li>\n<li>Respectueux de la zone intime et test\u00e9 gyn\u00e9cologiquement<\/li>\n<li>85% des volontaires ont observ\u00e9 que leur peau \u00e9tait visiblement apais\u00e9e et plus douce apr\u00e8s avoir retir\u00e9 le masque. La peau pr\u00e9sente \u00e9galement moins de signes d&#8217;inflammation et est moins douloureuse en cas de poils incarn\u00e9s. Les d\u00e9mangeaisons sont \u00e9galement r\u00e9duites*<\/li>\n<li>Fabriqu\u00e9 en France<\/li>\n<\/ul>\n<p><em>*Test d&#8217;utilisation pour une seule application r\u00e9alis\u00e9 sur 20 volontaires Usage externe uniquement<\/em><\/p>\n<h4><strong>Zones<\/strong><\/h4>\n<ul>\n<li>Zone intime<\/li>\n<li>Id\u00e9al pour les peaux irrit\u00e9es<\/li>\n<\/ul>\n<p>&nbsp;<\/p>\n<h4><strong>Texture, couleur, parfum<\/strong><\/h4>\n<ul>\n<li>Masque en coton<\/li>\n<li>Senteur Grenadine<\/li>\n<\/ul>\n\t<div id=\"gap-1344628240\" class=\"gap-element clearfix\" style=\"display:block; height:auto;\">\n\t\t\n<style>\n#gap-1344628240 {\n  padding-top: 30px;\n}\n<\/style>\n\t<\/div>","protected":false},"featured_media":8539,"template":"","meta":[],"product_cat":[101,110,116,118],"product_tag":[],"class_list":{"0":"post-8936","1":"product","2":"type-product","3":"status-publish","4":"has-post-thumbnail","6":"product_cat-produits-intimes-vajacial","7":"product_cat-avant-et-apres-lepilation-a-la-cire","8":"product_cat-cire-vegan","9":"product_cat-yona-fr","11":"first","12":"instock","13":"shipping-taxable","14":"product-type-variable","15":"has-default-attributes"},"jetpack_sharing_enabled":true,"_links":{"self":[{"href":"https:\/\/www.perron-rigot.org\/fr\/wp-json\/wp\/v2\/product\/8936"}],"collection":[{"href":"https:\/\/www.perron-rigot.org\/fr\/wp-json\/wp\/v2\/product"}],"about":[{"href":"https:\/\/www.perron-rigot.org\/fr\/wp-json\/wp\/v2\/types\/product"}],"wp:featuredmedia":[{"embeddable":true,"href":"https:\/\/www.perron-rigot.org\/fr\/wp-json\/wp\/v2\/media\/8539"}],"wp:attachment":[{"href":"https:\/\/www.perron-rigot.org\/fr\/wp-json\/wp\/v2\/media?parent=8936"}],"wp:term":[{"taxonomy":"product_cat","embeddable":true,"href":"https:\/\/www.perron-rigot.org\/fr\/wp-json\/wp\/v2\/product_cat?post=8936"},{"taxonomy":"product_tag","embeddable":true,"href":"https:\/\/www.perron-rigot.org\/fr\/wp-json\/wp\/v2\/product_tag?post=8936"}],"curies":[{"name":"wp","href":"https:\/\/api.w.org\/{rel}","templated":true}]}}

https://www.perron-rigot.org/non%20classé/masque-bikini-perfecteur/

<h3>TRAITEMENT DE LA ZONE INTIME</h3>
<div>Masque intime seconde peau, pour une zone intime hydratée et impeccable</div>
	<div id="gap-952433185" class="gap-element clearfix" style="display:block; height:auto;">
		
<style>
#gap-952433185 {
  padding-top: 30px;
}
</style>
	</div>
	
<h4><strong>Caractéristiques et avantages</strong></h4>
<ul>
<li>Masque en coton pour une zone intime hydratée et confortable</li>
<li>Exfolie la peau et apaise les peaux irritées par l&#8217;épilation, le rasage ou le frottement des vêtements.</li>
<li>99,3% d&#8217;ingrédients d&#8217;origine naturelle</li>
<li>Ingrédient actif : nouvelle génération d&#8217;AHA, extraits de Citron Caviar, d&#8217;extraits de plantes et d&#8217;eau Florale de Calendula.</li>
<li>Formule Vegan</li>
<li>Respectueux de la zone intime et testé gynécologiquement</li>
<li>85% des volontaires ont observé que leur peau était visiblement apaisée et plus douce après avoir retiré le masque. La peau présente également moins de signes d&#8217;inflammation et est moins douloureuse en cas de poils incarnés. Les démangeaisons sont également réduites*</li>
<li>Fabriqué en France</li>
</ul>
<p><em>*Test d&#8217;utilisation pour une seule application réalisé sur 20 volontaires Usage externe uniquement</em></p>
<h4><strong>Zones</strong></h4>
<ul>
<li>Zone intime</li>
<li>Idéal pour les peaux irritées</li>
</ul>
<p>&nbsp;</p>
<h4><strong>Texture, couleur, parfum</strong></h4>
<ul>
<li>Masque en coton</li>
<li>Senteur Grenadine</li>
</ul>
	<div id="gap-1344628240" class="gap-element clearfix" style="display:block; height:auto;">
		
<style>
#gap-1344628240 {
  padding-top: 30px;
}
</style>
	</div>
