{"id":8887,"date":"2022-10-04T14:43:41","date_gmt":"2022-10-04T14:43:41","guid":{"rendered":"https:\/\/www.perron-rigot.org\/non%20class\u00e9\/cirepil-tendre-coton\/"},"modified":"2024-10-03T10:26:36","modified_gmt":"2024-10-03T10:26:36","slug":"cirepil-tendre-coton","status":"publish","type":"product","link":"https:\/\/www.perron-rigot.org\/fr\/cire-specialisee\/cirepil-tendre-coton\/","title":{"rendered":"CIR\u00c9PIL TENDRE COTON"},"content":{"rendered":"","protected":false},"excerpt":{"rendered":"<h3>BANDE D\u00c9PILATOIRE CIRE<\/h3>\n<div>Une \u00e9pilation innovante et douce pour les peaux sensibles<\/div>\n\t<div id=\"gap-510779133\" class=\"gap-element clearfix\" style=\"display:block; height:auto;\">\n\t\t\n<style>\n#gap-510779133 {\n  padding-top: 30px;\n}\n<\/style>\n\t<\/div>\n\t\n<h4><strong>Caract\u00e9ristiques et avantages<\/strong><\/h4>\n<ul>\n<li>Pour une \u00e9pilation avec moins de douleur<\/li>\n<li>Id\u00e9al pour les peaux sensibles et les premi\u00e8res \u00e9pilations<\/li>\n<li>Sans colophane<\/li>\n<li>Formule vegan<\/li>\n<li>Enrichi avec de l&#8217;huile de coton<\/li>\n<li>Formule basse temp\u00e9rature<\/li>\n<li>Fabriqu\u00e9 en France<\/li>\n<\/ul>\n<p><em>* Test\u00e9 par les consommateurs : 91% des personnes interrog\u00e9es estiment que la douleur est moins importante que l&#8217;\u00e9pilation habituelle 100% confirment que l&#8217;\u00e9pilation \u00e0 la cire avec les bandes Tendre Coton est extr\u00eamement douce<\/em><\/p>\n<h4><strong>Zones d&#8217;\u00e9pilation \u00e0 la cire<\/strong><\/h4>\n<div>Zones \u00e9tendues<\/div>\n<p>&nbsp;<\/p>\n<h4><strong>Texture, couleur, parfum<\/strong><\/h4>\n<ul>\n<li>Texture onctueuse<\/li>\n<li>Couleur parme nacr\u00e9<\/li>\n<li>Parfum poudr\u00e9<\/li>\n<\/ul>\n\t<div id=\"gap-150176883\" class=\"gap-element clearfix\" style=\"display:block; height:auto;\">\n\t\t\n<style>\n#gap-150176883 {\n  padding-top: 30px;\n}\n<\/style>\n\t<\/div>","protected":false},"featured_media":8302,"template":"","meta":[],"product_cat":[100,102,113,116],"product_tag":[],"class_list":{"0":"post-8887","1":"product","2":"type-product","3":"status-publish","4":"has-post-thumbnail","6":"product_cat-cire-specialisee","7":"product_cat-cirepil-fr","8":"product_cat-cire-molle-cire-avec-bandes","9":"product_cat-cire-vegan","11":"first","12":"instock","13":"shipping-taxable","14":"product-type-variable","15":"has-default-attributes"},"jetpack_sharing_enabled":true,"_links":{"self":[{"href":"https:\/\/www.perron-rigot.org\/fr\/wp-json\/wp\/v2\/product\/8887"}],"collection":[{"href":"https:\/\/www.perron-rigot.org\/fr\/wp-json\/wp\/v2\/product"}],"about":[{"href":"https:\/\/www.perron-rigot.org\/fr\/wp-json\/wp\/v2\/types\/product"}],"wp:featuredmedia":[{"embeddable":true,"href":"https:\/\/www.perron-rigot.org\/fr\/wp-json\/wp\/v2\/media\/8302"}],"wp:attachment":[{"href":"https:\/\/www.perron-rigot.org\/fr\/wp-json\/wp\/v2\/media?parent=8887"}],"wp:term":[{"taxonomy":"product_cat","embeddable":true,"href":"https:\/\/www.perron-rigot.org\/fr\/wp-json\/wp\/v2\/product_cat?post=8887"},{"taxonomy":"product_tag","embeddable":true,"href":"https:\/\/www.perron-rigot.org\/fr\/wp-json\/wp\/v2\/product_tag?post=8887"}],"curies":[{"name":"wp","href":"https:\/\/api.w.org\/{rel}","templated":true}]}}

https://www.perron-rigot.org/non%20classé/cirepil-tendre-coton/

CIRÉPIL TENDRE COTON

<h3>BANDE DÉPILATOIRE CIRE</h3>
<div>Une épilation innovante et douce pour les peaux sensibles</div>
	<div id="gap-510779133" class="gap-element clearfix" style="display:block; height:auto;">
		
<style>
#gap-510779133 {
  padding-top: 30px;
}
</style>
	</div>
	
<h4><strong>Caractéristiques et avantages</strong></h4>
<ul>
<li>Pour une épilation avec moins de douleur</li>
<li>Idéal pour les peaux sensibles et les premières épilations</li>
<li>Sans colophane</li>
<li>Formule vegan</li>
<li>Enrichi avec de l&#8217;huile de coton</li>
<li>Formule basse température</li>
<li>Fabriqué en France</li>
</ul>
<p><em>* Testé par les consommateurs : 91% des personnes interrogées estiment que la douleur est moins importante que l&#8217;épilation habituelle 100% confirment que l&#8217;épilation à la cire avec les bandes Tendre Coton est extrêmement douce</em></p>
<h4><strong>Zones d&#8217;épilation à la cire</strong></h4>
<div>Zones étendues</div>
<p>&nbsp;</p>
<h4><strong>Texture, couleur, parfum</strong></h4>
<ul>
<li>Texture onctueuse</li>
<li>Couleur parme nacré</li>
<li>Parfum poudré</li>
</ul>
	<div id="gap-150176883" class="gap-element clearfix" style="display:block; height:auto;">
		
<style>
#gap-150176883 {
  padding-top: 30px;
}
</style>
	</div>
